late s(10).
-103
Let x(c) = c**2 - 21*c + 109. Calculate x(6).
19
Let v(r) = -r**3 - 21*r**2 + 34*r + 193. Calculate v(-22).
-71
Let y(n) = -n**3 + 49*n**2 - 94*n + 29. What is y(47)?
29
Let h(d) = -86*d - 1221. Determine h(-15).
69
Let l(p) = 634*p + 1270. Calculate l(-2).
2
Let z(a) = 44*a**2 + 7. Determine z(1).
51
Let t(w) = -63*w + 81. What is t(2)?
-45
Let z(s) = 237*s - 5447. Give z(23).
4
Let j(h) = -71*h**2 - 41*h - 36. Determine j(-1).
-66
Let i(b) = 136*b - 1782. Calculate i(18).
666
Let p(n) = -391*n - 19110. What is p(-49)?
49
Let m(n) = -n**3 - 5*n**2 + 125*n - 22. Determine m(-14).
-8
Let f(d) = -2*d**2 + 19*d - 13. Determine f(12).
-73
Let p(q) = 16176*q + 113222. What is p(-7)?
-10
Let x(l) = 4*l**2 + 7*l + 34. Give x(-3).
49
Let m(w) = -3*w**3 + 5*w**2 - 31*w + 43. What is m(2)?
-23
Let a(v) = 2*v**2 + 49*v + 280. Give a(-15).
-5
Let o(b) = -b**3 + 9*b**2 + 6*b + 35. Calculate o(9).
89
Let x(w) = w**3 + 13*w**2 + 40*w + 16. Give x(-7).
30
Let b(q) = 218*q**2 - 3048*q - 30. What is b(14)?
26
Let c(m) = -417*m + 3104. What is c(7)?
185
Let t(p) = p**3 - 6*p**2 + 20*p - 22. Calculate t(7).
167
Let g(q) = q**2 + 1329*q + 1328. Calculate g(-1).
0
Let z(j) = j**2 - 16*j - 70. What is z(0)?
-70
Let q(u) = -u**3 - 174*u**2 + 3453*u - 574. Determine q(-192).
2
Let x(g) = -g**3 - 110*g**2 + 103*g - 795. Determine x(-111).
93
Let k(n) = n**2 - 72*n + 402. What is k(6)?
6
Let z(y) = -3*y**3 + 188*y**2 + 62*y + 43. What is z(63)?
-20
Let y(i) = -11*i**3 - 6*i**2 - 93*i + 95. Determine y(1).
-15
Let f(z) = -z**3 - 31*z**2 + 61*z - 156. What is f(-33)?
9
Let m(g) = -g**3 + 35*g**2 + 455*g - 76. Determine m(45).
149
Let c(l) = -6072*l - 6069. Give c(-1).
3
Let t(a) = -111*a + 12863. What is t(116)?
-13
Let k(a) = -a**3 + 16*a**2 + 110*a - 123. Determine k(21).
-18
Let s(p) = -p**3 - 8*p**2 + 83*p + 670. What is s(-8)?
6
Let n(f) = -f**3 - 10*f**2 - 14*f + 27. Calculate n(-8).
11
Let t(i) = 38*i - 1757. Give t(47).
29
Let j(m) = 29*m**2 - 379*m + 25. Calculate j(13).
-1
Let j(t) = -29*t + 2993. Give j(101).
64
Let h(z) = z**3 - 7*z**2 + 18*z - 121. Determine h(6).
-49
Let q(d) = -d**2 - 78*d + 5880. Give q(47).
5
Let y(h) = -h**3 + 13*h**2 - 2*h - 30. Give y(14).
-254
Let n(m) = m**2 + 19*m - 8. What is n(-20)?
12
Let p(o) = -437*o - 7428. Determine p(-17).
1
Let s(i) = 2*i**3 - 95*i**2 + 48*i - 79. Give s(47).
-32
Let l(j) = j**3 + 178*j**2 + 5319*j - 153. Calculate l(-140).
-13
Let n(b) = -8*b**3 + 2*b**2 + 44*b + 43. Calculate n(-1).
9
Let f(m) = -m**2 + 319*m - 4845. What is f(16)?
3
Let t(h) = 12*h**2 - 2*h - 23. Calculate t(0).
-23
Let q(r) = -33*r**2 + 22*r + 65. Determine q(-3).
-298
Let n(x) = 663*x + 2675. Give n(-4).
23
Let f(h) = -4*h**2 + 7*h - 8. What is f(-6)?
-194
Let v(p) = 1972*p - 5934. Determine v(3).
-18
Let y(w) = -w + 233. Determine y(57).
176
Let c(x) = 8*x**3 + 77*x**2 - 90*x - 596. Calculate c(-10).
4
Let o(r) = 3*r**2 - 316*r - 1863. Determine o(-6).
141
Let f(c) = 3*c + 178. Determine f(-57).
7
Let m(n) = 234*n + 16392. Determine m(-70).
12
Let c(n) = 45*n**2 + 632*n + 9. Determine c(-14).
-19
Let z(i) = i**3 + 34*i**2 + 2*i + 70. Calculate z(-34).
2
Let i(x) = -x**3 - 11*x**2 - 110*x - 1205. Calculate i(-11).
5
Let d(b) = -b**3 - 5*b**2 - 10*b - 24. Determine d(-5).
26
Let o(i) = -i**2 + 32*i - 6. What is o(33)?
-39
Let k(q) = -219*q + 1756. What is k(8)?
4
Let k(c) = 228*c - 22346. Calculate k(98).
-2
Let j(f) = -2*f - 110. Calculate j(-35).
-40
Let a(f) = -f**3 - 20*f**2 - 51*f + 5. What is a(-3)?
5
Let v(c) = -13*c - 9. What is v(11)?
-152
Let n(p) = 62*p**3 - 117*p**2 + 8*p - 16. Calculate n(2).
28
Let h(v) = -v**2 - 156*v - 2718. Calculate h(-136).
2
Let t(y) = 389*y + 5830. What is t(-15)?
-5
Let q(x) = 21*x + 399. What is q(-18)?
21
Let c(y) = 204*y + 1615. Determine c(-8).
-17
Let q(a) = a**2 - 26*a + 162. Give q(18).
18
Let t(h) = 6*h**3 + 5*h**2 - 35*h + 22. Give t(3).
124
Let l(a) = 129*a + 3223. Give l(-28).
-389
Let r(d) = d**2 - 185*d + 7789. What is r(120)?
-11
Let c(g) = g**2 - 67*g + 1171. Calculate c(32).
51
Let v(y) = 30*y + 455. What is v(-25)?
-295
Let p(g) = 159*g - 1901. Determine p(12).
7
Let i(z) = -z**2 + 16*z + 2. What is i(11)?
57
Let l(s) = -s**2 - 30*s - 167. What is l(-10)?
33
Let q(u) = -u**3 - 22*u**2 + 48*u + 19. Determine q(-24).
19
Let h(z) = -2*z**2 - 36*z + 131. Calculate h(-31).
-675
Let g(k) = -40*k - 763. Give g(-19).
-3
Let h(x) = -x**2 - 11*x + 587. Give h(-28).
111
Let d(q) = 642*q + 634. What is d(-1)?
-8
Let h(m) = 10*m**2 - 118*m - 30. Calculate h(12).
-6
Let r(s) = 93*s**2 - 7*s + 9. Give r(2).
367
Let z(s) = -s**3 - 30*s**2 - 35*s - 109. Determine z(-29).
65
Let l(q) = q**2 - 5*q - 650. Calculate l(-23).
-6
Let d(s) = -s**3 + 24*s**2 + 52*s - 6. What is d(26)?
-6
Let a(o) = 194*o + 150. Determine a(2).
538
Let c(p) = p**2 - 2836*p - 19904. What is c(-7)?
-3
Let l(m) = 3*m**3 + 5*m**2 + m - 12. Determine l(2).
34
Let n(v) = -243*v + 439. Calculate n(2).
-47
Let g(o) = 1040*o + 15608. Give g(-15).
8
Let u(g) = -2*g**3 - 16*g**2 + 5*g + 13. Give u(-7).
-120
Let f(i) = -5*i**3 + i**2 - 5*i + 4. Determine f(1).
-5
Let w(r) = r**3 + 10*r**2 + 613*r + 7642. Calculate w(-12).
-2
Let v(t) = -4*t**2 + 62*t - 32. What is v(15)?
-2
Let b(o) = -o**2 - 85*o - 583. Determine b(-77).
33
Let z(k) = -k**2 + 24*k - 35. What is z(15)?
100
Let q(r) = -2*r**3 - 4*r**2 + 19*r + 59. Give q(-3).
20
Let y(x) = -x**3 - 10*x + 5. Determine y(6).
-271
Let p(f) = 20*f + 26. Determine p(0).
26
Let d(v) = -v**3 - 7*v - 69. What is d(0)?
-69
Let b(y) = 14628*y - 87764. Give b(6).
4
Let s(i) = -i**3 - 106*i**2 - 1587*i - 283. Give s(-88).
-19
Let l(a) = a**3 - 41*a**2 + 74*a + 118. Determine l(39).
-38
Let i(j) = -9*j**2 - 45*j - 143. What is i(-3)?
-89
Let g(j) = 348*j - 4510. Calculate g(13).
14
Let m(w) = -15*w - 287. What is m(-11)?
-122
Let n(l) = -3*l**2 + 6*l + 907. Give n(-21).
-542
Let n(o) = 7*o**2 - 14*o + 58. What is n(3)?
79
Let x(m) = -105*m + 2530. Calculate x(24).
10
Let d(o) = -o**2 - 18*o - 69. Give d(-9).
12
Let k(l) = l**3 - 11*l**2 + 8*l - 67. Determine k(11).
21
Let r(t) = -4288*t - 8596. Determine r(-2).
-20
Let v(q) = -q**3 - 32*q**2 - 110*q - 18. What is v(-28)?
-74
Let z(v) = v**3 + 51*v**2 + 43*v - 409. Determine z(-50).
-59
Let p(i) = -3*i**3 - 6*i**2 - 12*i - 30. Calculate p(-3).
33
Let s(q) = -21*q**2 + 351*q + 109. Determine s(17).
7
Let f(h) = h**3 - 24*h**2 - 46*h - 126. What is f(26)?
30
Let m(v) = -285*v - 2861. Give m(-10).
-11
Let u(h) = -4*h + 141. Give u(-16).
205
Let z(a) = 16*a + 766. Give z(-48).
-2
Let q(z) = -z**3 + 15*z**2 + 229*z - 3412. Give q(16).
-4
Let a(m) = m**2 + 21*m + 27. What is a(-17)?
-41
Let f(p) = p**2 + 32*p + 106. Determine f(-29).
19
Let c(z) = 5*z**2 + 219*z + 856. Determine c(-4).
60
Let m(z) = -4*z**2 + 372*z - 3889. Determine m(81).
-1
Let c(d) = -d**2 - 27*d + 194. Determine c(6).
-4
Let b(w) = w**3 + 54*w**2 + 198*w - 39. Calculate b(-50).
61
Let o(i) = -701*i + 42054. What is o(60)?
-6
Let f(x) = -x**3 - 3*x**2 + 60*x - 103. What is f(-11)?
205
Let s(p) = 955*p - 3864. Determine s(4).
-44
Let s(m) = -6*m**2 + 120*m - 583. Calculate s(8).
-7
Let b(r) = 90*r + 385. What is b(-6)?
-155
Let y(w) = -2*w**2 - 79*w - 2. Give y(-39).
37
Let m(w) = -w**2 + 15*w + 38. What is m(-7)?
-116
Let p(y) = 3*y**3 + 65*y**2 - 19*y + 122. Give p(-22).
56
Let y(a) = 203*a**2 + 307*a - 620. What is y(2)?
806
Let i(g) = -g**2 - 21*g + 269. Determine i(9).
-1
Let r(q) = q**3 + 37*q**2 - 39*q - 58. Calculate r(-38).
-20
Let n(a) = -290*a - 1609. Determine n(-5).
-159
Let l(s) = 8*s**2 + 159*s - 24. Determine l(-20).
-4
Let b(r) = r**2 - 30*r - 587. Give b(-13).
-28
Let p(z) = 6*z + 505. Determine p(-47).
223
Let v(b) = -b**2 + 116*b - 1338. Calculate v(13).
1
Let b(g) = 21*g - 808. Give b(38).
-10
Let s(m) = 10*m**2 + 99. Calculate s(0).
99
Let g(h) = -h**3 + 9*h**2 + 16*h - 12. Determine g(0).
-12
Let s(r) = 105*r - 1794. Give s(17).
-9
Let o(a) = -a**3 - 11*a**2 + 46*a + 262. Calculate o(-13).
2
Let i(t) = 4*t**2 - 154*t + 317. Determine i(36).
-43
Let w(v) = -15*v + 867. Give w(49).
132
Let m(a) = a**3 - 16*a**2 + 39*a + 12. Determine m(13).
12
Let z(c) = -7*c**3 + 3*c**2 - 6*c + 7. Determine z(2).
-49
Let n(b) = -b**2 - 56*b - 554. Calculate n(-5